 539. What is the hundreds digit of j?
0
Let v = -12 + 26. Suppose 5*f - v = -4*j, -j + 22 = 3*j + f. Suppose -k = -3*k + j. What is the units digit of k?
3
Suppose -105*n + 37*n = -179248. What is the tens digit of n?
3
Suppose -111 = 13*f + 6. Let c = -58 - -83. Let i = f + c. What is the tens digit of i?
1
Suppose 8 = -14*p + 372. What is the units digit of p?
6
Suppose 4*z + z = 65. Let a = z - 6. What is the units digit of 0 - a/((-21)/60)?
0
Let a = 183 - 115. Let o = 10 - 5. Suppose 0 = 3*r - 4*m - 102, -2*r + 0*r + a = -o*m. What is the units digit of r?
4
Suppose -1866 = -15*w + 99. What is the tens digit of w?
3
Suppose 4*y + 4*k - 192 = 1536, 2*y - 867 = -5*k. What is the units digit of y?
1
Let q(a) = -243*a**3 + 6*a**2 + 9*a - 4. What is the tens digit of q(-2)?
4
Let n(q) = 268*q - 671. What is the units digit of n(20)?
9
Let w(y) = y**2 + 4*y. Let x be w(-2). Let o = x + 1. What is the tens digit of o/(-3)*(24 + -1)?
2
Let o be (-13)/(-1) - (-3 + 2). Suppose -4*l = -o - 10. Suppose l*j = 8*j - 20. What is the tens digit of j?
1
Let t(x) = x - 7. Suppose 0 = n - 4 - 6. Let i be t(n). Suppose 54 = i*b - 117. What is the tens digit of b?
5
Let h = 2178 - 981. What is the thousands digit of h?
1
Let u(n) = -2*n - 19. Let b be u(-11). Suppose 4*z - l - 184 = 0, b*l - 21 = -4*z + 179. What is the tens digit of z?
4
Let x(t) = 88*t**2 + 20*t + 31. What is the units digit of x(-2)?
3
Suppose -11*j + 6181 = -672. What is the units digit of j?
3
Suppose -2*i = 2*o - 638, -2*o - 296 + 934 = 3*i. What is the units digit of o?
9
Let k be 7/28*(-2 - -6). Let z be k/(-5) + (-56)/(-5). Let j = z + 2. What is the units digit of j?
3
What is the units digit of 4/16 - (-15900)/16?
4
Suppose 218*t - 270 = 212*t. What is the units digit of t?
5
Suppose -16*i + 20*i - 2386 = 2*r, -4*i = -5*r - 2395. What is the units digit of i?
5
Suppose -10*r + 5490 = 3*x - 7*r, -3*x - 2*r = -5486. What is the hundreds digit of x?
8
Suppose -34*h = -40*h + 10674. What is the units digit of h?
9
What is the units digit of (2928/(-10))/(48/(-160))?
6
Suppose -w + 6 + 487 = 0. What is the hundreds digit of w?
4
Suppose -l = 6*l - 28. Suppose -l*b = -2*j - 2, -2*j = -2*b - 0*j - 4. Suppose 0 = -b*r + 3 + 195. What is the tens digit of r?
6
Suppose 0 = -6*n + 4*n + 52. Let r = 27 - n. What is the units digit of r?
1
Let i be (756/(-48))/((3 + -2)/(-12)). Suppose 0 = -j - 4*b + 91 - 34, -4*j - 3*b + i = 0. What is the tens digit of j?
4
Let z(y) be the second derivative of y**4/6 + y**3/6 + y**2 - 41*y. What is the tens digit of z(2)?
1
Let r = 42 + -21. Suppose -11 = 7*t - 18. Let k = r - t. What is the tens digit of k?
2
Let u = 208 - 309. Let i = u - -261. What is the hundreds digit of i?
1
Suppose 19 = 4*h + 3. What is the units digit of h - (-11 - (4 - 2))?
7
Let t be 42/9 + (-2)/3. Suppose -2*p - t*o = -684, 0*p + 3*p + o = 1026. Suppose 3*c - 123 = -2*s, 0*s - p = -5*s + 4*c. What is the units digit of s?
6
Let w(o) = -o**2 + 4. Let v be w(0). Let y = -206 + 237. What is the tens digit of y/(0 - v/(-8))?
6
Suppose -4*o + 292 + 328 = 0. What is the units digit of o?
5
Let z(i) = 1251*i**2 - 10*i + 12. What is the thousands digit of z(1)?
1
Suppose 0 = -4*u + 3*u + 2. Let m = -9 + u. What is the units digit of 2*m/(-2)*1?
7
Let c(i) be the first derivative of -11*i**2/2 + 10*i - 2. What is the units digit of c(-3)?
3
Let f(j) = -j**2 - 9*j + 6. Let g(o) = o**3 - 3*o**2 - 2*o + 4. Let i be g(3). Let m be ((-5)/(-2) + i)*-10. What is the units digit of f(m)?
6
Let k(c) = c**2 - 8*c + 7. Let y be k(7). Suppose -h + 3*h = y. What is the units digit of h/(-2 + 3) + 12?
2
Let u = 91 - 85. What is the tens digit of 514/5 + u/30?
0
Let s(o) = -o - 6. Let w be s(-8). Suppose -d + 55 + 61 = 2*y, -3*d + w*y + 332 = 0. What is the hundreds digit of d?
1
Let u(r) = -10*r - 16. Suppose -p + 4*d = 4*p + 5, 0 = -2*p + 4*d + 10. Let c = p - 0. What is the tens digit of u(c)?
3
Let r = -2359 + 2523. What is the tens digit of r?
6
Suppose 3*g = -5*a + 1080, -3*g + a = -3*a - 1107. Suppose 3*k = -2*k + g. What is the tens digit of k?
7
Suppose 5*j = -3*p + 287, 5*p - 2*j = 280 + 250. Let d = p - 59. Let w = d + -15. What is the units digit of w?
0
Let l = -2258 + 3119. What is the units digit of l?
1
Let k(x) = -209*x**2 + 2*x + 16. Let i be k(-4). What is the tens digit of i/(-60) - (-4)/10?
5
Let o be (8/6)/(4/30). Let a(s) = 5 - 4 + 13*s + 9*s**2 + 1 - 18*s**3 + 17*s**3. What is the units digit of a(o)?
2
Suppose -6*b + 2204 = -2*b. Suppose 0 = 4*h - b - 625. Suppose h = 8*x - x. What is the units digit of x?
2
What is the hundreds digit of (1 + 84)*((-9)/(-3) + 2)?
4
Suppose 5*r + 257 = 3*h, -5*r = -4*h - 0*r + 341. Let l = 88 + h. What is the units digit of l?
2
Let k be ((-1040)/25)/2*-5. Suppose -2*m + k = 18. What is the units digit of m?
3
Let a = 27 + -31. Let j(p) = -p**2 - 6*p - 3. Let k be j(a). Let m = 9 - k. What is the units digit of m?
4
Suppose -5*l + 2*v + 4128 = -2202, -3*l - 5*v + 3829 = 0. What is the units digit of l?
8
Suppose 0 = -y + 117 + 1173. What is the tens digit of ((-4)/(-5))/(12/y)?
8
Suppose 0 = 28*r - 24*r + 3*o - 4387, -r = 5*o - 1118. What is the hundreds digit of r?
0
Let l = 4595 + -2198. What is the tens digit of l?
9
What is the thousands digit of (-42)/168 + (-9109)/(-4)?
2
What is the units digit of 8*(-9)/(-72) + -2 + 76?
5
Let z(r) = 2*r**2 + 13*r + 19. Suppose 5*n = 0, 2*c - 2*n - 27 = 5*c. What is the tens digit of z(c)?
6
Let r = 75 - 73. Let j(s) = 14*s**3 + 8*s**2 - 5*s + 4. What is the tens digit of j(r)?
3
Let u(g) = -g**3 - 23*g**2 + 17*g - 55. What is the tens digit of u(-24)?
1
Suppose 0 = -4*f - 8, 2*c - 5*f - 24 = -4. Suppose 3*l - c*l - 5*u = -82, 3*l = -u + 136. What is the tens digit of l?
4
Let z(p) be the second derivative of 3*p + p**2 - 1/6*p**3 + 0. What is the units digit of z(0)?
2
Let b(f) = 4*f**2 + 45*f + 208. What is the units digit of b(-25)?
3
Let r = 8 + -7. Let f be 15*(-8)/(-32)*(-8)/(-3). What is the tens digit of (r*-10)/((-2)/f)?
5
Let b = -105 - -100. Let i(p) = -p**3 - 9*p - 16. What is the hundreds digit of i(b)?
1
Suppose -5*q + 2619 = -3*v, 3*q - 2*q = -2*v + 516. What is the units digit of 13/(-65) - q/(-10)?
2
Let w(a) = 11*a**3 + 35*a**2 - 7*a - 40. Let o(g) = 5*g**3 + 17*g**2 - 3*g - 20. Let k(j) = -9*o(j) + 4*w(j). What is the units digit of k(-13)?
3
Suppose 3*u - 5*v - 1 = -u, -6 = -2*v. Suppose -u*a = -5*a + 125. Let b = -69 + a. What is the tens digit of b?
5
Let b(k) = -k**3 + 4*k**2 + 2. Let i be b(4). Suppose i*p = -p + 87. What is the tens digit of p?
2
Let a = 14 + -11. Suppose 0 = 3*n - 2*v - 307, 400 = 3*n - a*v + 88. What is the tens digit of n?
9
Let u = 261 - 52. Suppose 0 = 5*h - 11 - u. Suppose 5*l - h - 251 = 0. What is the units digit of l?
9
Suppose 2*s = 3836 + 594. What is the thousands digit of s?
2
Let z = 1357 - 541. What is the tens digit of z?
1
Suppose 0 = -277*z + 278*z - 5217. What is the thousands digit of z?
5
Let v(z) = -5*z**3 - 6*z**2 - 5*z + 13. What is the hundreds digit of v(-7)?
4
Suppose -82 - 1346 = -6*r. What is the tens digit of r?
3
Suppose 4*h = -5*b + 1995, -4*b + 8*b = 12. What is the units digit of h?
5
Suppose 4*r - 3*y = 1457, -3*r + 119*y = 124*y - 1100. What is the units digit of r?
5
Suppose 0*r = 3*m - 2*r - 2, m + r = 9. Suppose 0 = -5*v - c - c - 206, -m*v - 154 = -2*c. Let l = -27 - v. What is the units digit of l?
3
Suppose 2*r + 4*r - 6 = 0. Suppose f - 3 = -r. Suppose 1 = -f*i + 7. What is the units digit of i?
3
Let v = -1754 - -2491. What is the tens digit of v?
3
Let a(f) = 2952*f**2 + 34*f - 34. What is the units digit of a(1)?
2
What is the hundreds digit of (-15)/120 - (-16578)/16?
0
Suppose 591 = 3*u + 3*l, 0 = -28*u + 25*u + 3*l + 591. What is the hundreds digit of u?
1
Let l(r) = -r**3 - 2*r**2 + 4*r + 6. Let i be l(-3). Suppose -2*f + 705 = i*f. Suppose -7*m + f = 5*b - 3*m, 2*m = b - 31. What is the units digit of b?
9
Suppose 0 = 496*v - 505*v + 3771. What is the tens digit of v?
1
Let y = 1252 + -638. What is the hundreds digit of y?
6
Let z(u) = 2*u**3 - 9*u**2 + 3*u + 3. Let s be z(6). Let f = s + -69. What is the tens digit of f?
6
Let t(w) = w + 18. Let k be t(-11). Suppose -22 + k = -5*p. What is the units digit of 1